- p + p + y*p**2. What is o(-1)?
4
Suppose 0 = z + 2*u - 4, z + u - 3*u = 0. Let v(m) = -9*m**2 + m**z + 2 - 9*m + 3 + m**3. Let a be v(9). Let f(h) = -h**3 + 5*h**2 - 6. Calculate f(a).
-6
Let q(s) = 4*s - 1. Let t be ((-3)/5)/((-24)/(-240)). What is q(t)?
-25
Let r(x) = x. Let c(t) = 12*t - 26*t + 1 + 8*t. Let v(j) = c(j) + 4*r(j). Give v(-1).
3
Let t = -46 - -45. Let q be t/(-3) - (-6)/9. Let f(h) = 11*h**2 - h + 3. Let p(d) = -11*d**2 + d - 4. Let v(m) = -3*f(m) - 2*p(m). Calculate v(q).
-11
Let x(r) be the first derivative of -r**4/4 - 11*r**3/3 - 3*r**2/2 + 3*r - 96. What is x(-10)?
-67
Let c(l) = 0*l - l**3 - 5*l + l - 65 - 31*l**2 + 2*l. Determine c(-31).
-3
Let o(k) = 4*k - 15. Let z be o(7). Let f(i) = -12 + i + 0 + z. Determine f(-7).
-6
Let t(i) = i**3 + 8*i**2 - 7*i + 22. Let j be t(-9). Let u(f) be the third derivative of 1/6*f**3 + 0*f - 3*f**2 - 1/60*f**5 + 0 - 1/4*f**j. Give u(-5).
6
Let f(y) = 2 - 3 + 1 + y**2 - 6*y. Let u = 127 - 120. What is f(u)?
7
Let w(b) = 102*b**2 - 26*b**3 - b - 193*b**2 + 2 - 5*b**3 + 89*b**2. What is w(1)?
-32
Let t = -18 + 4. Let l be (-5)/2 - 7/t. Let k(w) = 3*w. Calculate k(l).
-6
Suppose 0*x - x = 38. Let g = -35 - x. Let j(t) = t - 2. Determine j(g).
1
Let j = -19 + 52. Let t = -48 + j. Let q be 5/t + (-2)/(-6). Let g(f) = -f + 1. Give g(q).
1
Let n(j) = -25*j - 8*j - 7 - 22*j + 10*j**2 - j**3 + 53*j. Give n(9).
56
Let k(w) be the first derivative of -9/2*w**2 - 2 - 2*w. Calculate k(2).
-20
Let q(u) = -u**3 + 4*u**2 - 3*u + 3. Let i be (-5)/(-10)*-1*6. Let n(d) = -5*d - 13. Let f be n(i). Calculate q(f).
5
Let v(m) = m**3 - 9*m**2 - m - 3. Let a(h) = -h**2 + 26*h - 16. Let r be a(25). Give v(r).
-12
Let i(c) = c**2 - 4*c - 2. Let t be 4/(-5)*(-110)/44*3. Determine i(t).
10
Let h = -2 - -2. Let c(y) = -5*y**3 - 5*y**2 - 2*y - 3. Let s be c(-2). Let d(q) = q**2 - 3*q**2 + 3*q**2 + 24 - s. Calculate d(h).
3
Let b(v) = -21*v**3 - v**2 + 2*v - 1. Suppose a - 3 = -p, -9*p = -7*p - 4. Determine b(a).
-21
Suppose -3 = -2*w + 7. Let t(d) = -d**2 + 24*d + 30*d - 6 + 3 - 53*d. Let v(r) = r**2 + 2. Let b(j) = w*v(j) + 4*t(j). Give b(-4).
-2
Let r(c) = -c**2 - 6*c + 9. Suppose -3*d + 4*y = -2*d + 16, -3*d + 2*y = 28. Determine r(d).
-7
Suppose -5*x = -5*p - 15, p = 5*x + 4 - 39. Let n(s) = -2*s + 8. Let t(i) = 6*i - 23. Let u(f) = x*n(f) + 3*t(f). Give u(3).
1
Let b(v) = -v - 3. Let j(t) = t**3 - 3*t**2 - t - 5. Let m be j(4). Calculate b(m).
-10
Let v(f) = -f**2 + 4*f - 1. Let u be (-4)/(-7)*42/12. Let p be u/((-4)/(-6))*2. Suppose 2 = 2*w - p. Give v(w).
-1
Let n(c) = c**3 - 6*c**2 - 6*c - 11. Suppose 5*o - 19 = -4*m, 43*m - 46*m - 19 = -o. What is n(o)?
-4
Let f(h) be the second derivative of -h**4/12 + h**3/3 - 2*h**2 + 59*h. What is f(3)?
-7
Let h(m) = 5*m - 1. Let p = 37 + -9. Let u = -31 + p. Determine h(u).
-16
Let x(n) = 2*n**2 - 4*n**2 - n**3 - 4 - 3*n**2 - 4*n. Let k = -1325 + 1321. Give x(k).
-4
Let c be (-6)/10*(-20)/3. Let l(h) be the third derivative of -7/6*h**3 - h**2 + 0*h + 0 + 1/24*h**c. Calculate l(6).
-1
Let z = 19 - 11. Let d = z - 6. Suppose -8 = 2*t - 5*f - d, 3*t = 2*f + 2. Let y(n) = n**3 + n**2 - n. What is y(t)?
10
Let i(d) = 9*d - 14. Let x(g) = -3*g + 5. Let b(o) = 6*i(o) + 17*x(o). Let y be (-60)/(-15) + 6/(-2) + -4. What is b(y)?
-8
Let v = -16 + 58. Let y(h) = 93*h - 35*h - 1 - v*h. Determine y(-1).
-17
Suppose 0 = -10*n - 2616 + 2666. Let u(q) be the second derivative of q**6/360 - q**5/24 + q**4/12 + q. Let w(j) be the third derivative of u(j). Give w(n).
5
Let z be 3*(-2)/15 + 462/(-70). Let o(u) = 2 + 3 + 2*u + 0*u + 0. Give o(z).
-9
Suppose 5*o + 1 = 4*c - 5, 5*o - 22 = -3*c. Let w(m) = -m - m**2 - 1 + c*m + m. Let h be (-4)/(-14) - 33/(-7). Give w(h).
-6
Let h(r) = r**2 - 7*r + 6. Let n be h(4). Let i(q) = q**3 + 5*q**2 - 7*q + 8. Determine i(n).
14
Let y(o) be the second derivative of o**5/20 + 5*o**4/12 + o**3/3 + 4*o + 5. Suppose -t = -6*t + 10. Suppose 0 = a - 2*a - t, 0 = -u - 2*a - 8. What is y(u)?
8
Let d = -6 - -38. Suppose -4*y + 53 = 7*r - 2*r, -y - 5*r = -d. Let n(z) = z**3 - 6*z**2 - 9*z + 8. What is n(y)?
-6
Let k(i) = -4*i. Let b(r) = -2*r + 5*r + 6*r - 4. Let y be b(4). Suppose 3*t - 3*a = 3, 0*t + 4*t + 5*a + y = 0. Determine k(t).
12
Let q(f) = -6*f**2 + f - 6*f - 3*f - 9 + 4*f**2. Calculate q(-5).
-19
Let q(m) = -m**2 + 1. Suppose 330 = 3*o + 5*a, -o + 124 = -2*a - a. Suppose -5*j = 5*z - o, 7 = 4*z - 5. Let r = 22 - j. Calculate q(r).
-3
Let z(l) = 64 + 5*l - 69 + 73*l**2 - l - 72*l**2. What is z(-5)?
0
Let o = -226 + 224. Let k(a) = 5*a**2 - 2*a - 1. What is k(o)?
23
Let o = -1 - -3. Let h(t) = -5. Let m(d) = -1. Let g(u) = -h(u) + 4*m(u). Let l(x) = -3*x**2 + 4*x - 5. Let j(y) = -2*g(y) - l(y). Determine j(o).
7
Let z be (3/(-3))/(26/(-52)). Let u(q) = -5*q + 1. Give u(z).
-9
Let i = -11 + 8. Let k be (-6 + i)/3 - -5. Let x(r) = 5*r**2 + 4*r**k + 6 - 7*r**2 - 7*r. Give x(4).
10
Suppose 3*f = 12, -3*x - 3*f - 14 = -2*f. Let u(o) = -o**2 + 4 - 7*o - 3 + 2*o. Calculate u(x).
-5
Let f = -38 - -66. Let z be (f + -29)/(-1 + 0). Let o(j) = -7*j**2 + j. Determine o(z).
-6
Let x = -80 - -80. Suppose x = -0*h + 2*h - 2*d, 3*d = h - 4. Let y(t) = -3*t**2 - t + 2. Calculate y(h).
-8
Suppose 87*b - 63 = 108*b. Let u(c) = c**3 + 4*c**2 + 3*c - 3. What is u(b)?
-3
Let u(h) be the third derivative of -1/2*h**3 + 1/12*h**4 + 0*h - 1/60*h**6 + 0 + 1/30*h**5 - 47*h**2. Suppose 6*g - 4*g = 4. Determine u(g).
-7
Let t(u) = 2 - 2*u**2 - 6*u**2 - 21 + 12*u**2 + 8*u**2 + 9*u + u**3. Determine t(-11).
3
Suppose -4*t = -c - 3, -2*c + 5*c + 9 = t. Let q(f) = -4*f + 10. Calculate q(t).
10
Let h(v) = -2*v**2. Suppose 3 = -f + 6. Suppose 2*o - 60 = -2*o - 5*s, -f*o - 3*s + 48 = 0. Let a = o + -19. Calculate h(a).
-2
Let j = 2 - -1. Let z be (-198)/(-30) - 4 - 4/(-10). Let o(k) = -z*k**2 + 836*k + 2*k**2 - 836*k. Calculate o(j).
-9
Let z(y) = 0*y + 4 + 0 + y. Suppose -6*u + 7*u = 5. Suppose k - 2*x - 4 = 0, u*k - 2*x - 4 = -0*x. Determine z(k).
4
Let a(t) = t**2 - 2. Let g(c) = 7*c - 2. Let v(n) = a(n) - g(n). Determine v(5).
-10
Suppose -3*s - 7 + 31 = 0. Suppose 3*m - 4*t = -m + 12, s = 2*m - 3*t. Let j(a) = 3*a**3 - a. What is j(m)?
2
Let a(f) = f**2 + 9*f + 19. Let u be a(-8). Let y = u - 15. Let t(k) = -k - 5. Calculate t(y).
-1
Let a(z) = -z**2 + 10*z + 15. Let q(o) = -o**2 + 6*o + 10. Let l be q(7). Let h be 22/l*(-39)/(-26). What is a(h)?
4
Let i be -7 + 3/1 + 10. Let a(h) = -7*h**2 - 7. Let t be (3/(-6))/((-2)/(-4)). Let u(o) = -o**2 - o. Let s(g) = t*a(g) + 6*u(g). Determine s(i).
7
Let x(i) = -2*i. Let j be (-2 + 0/2)*(-516)/24. Suppose m - j = -41. Determine x(m).
-4
Let v(z) = 22*z**2 + 7. Let r(k) = -65*k**2 - 19. Let c(y) = 4*r(y) + 11*v(y). What is c(1)?
-17
Let c(d) = -4*d - 4. Let v = -120 + 115. Give c(v).
16
Suppose a + 24 = 5*a. Suppose -a*h + 0*h = 24. Let o(p) = -4*p - 4. Give o(h).
12
Let u(s) be the first derivative of -16 - 1/3*s**3 - 7*s + 4*s**2. What is u(7)?
0
Let b(k) = k**2 + 5*k + 0 - 2*k + 1. Let h(p) = -p - 2. Let y be h(0). Let j be (4 + y)/((-3)/6). Determine b(j).
5
Let u(x) = 35*x + 22 - 22*x - 22*x - 10 + x**2. Calculate u(7).
-2
Let j(k) = -2*k**3 - 4*k**2 - k + 3. Let l(g) = g**3 + g**2 - 1. Let s(w) = j(w) + l(w). Let r be s(-2). Let m(x) = 102*x - 103*x + 1 + 15. What is m(r)?
16
Let j(q) = 3*q - 2*q - q**2 - q**3 + 3*q**2. Suppose -8*b = 2 + 6. Let g be j(b). Let i(x) = -2*x + 2. Calculate i(g).
-2
Let r(v) = -v**3 - 21*v**2 - 3*v - 15. Let j(u) = 3*u**2 + u + 1. Let m(i) = -6*j(i) - r(i). What is m(-4)?
5
Let h(p) be the second derivative of 43*p**5/20 - p**2/2 + 125*p. Calculate h(-1).
-44
Let d(c) be the third derivative of -c**5/60 + c**4/2 + 5*c**3/3 - 431*c**2. Give d(13).
-3
Suppose w = 6*w - 10. Suppose -38 = -w*s - 3*f - f, -4*f + 20 = 0. Suppose -a + 4*a + s = 0. Let h(g) = -3*g - 3. Give h(a).
6
Let f = -20 + 22. Let m(d) = -31*d - 33*d + d**f + 3 - 2 + 62*d - 7*d**3. What is m(1)?
-7
Let j(a) = 2*a - 6*a + a - 5 - 7*a. What is j(-4)?
35
Let b = 10 + -6. Let r(n) = -16*n**3 + 36*n**2 - 4*n. Let x(o) = 3*o**3 - 7*o**2 + o. Let l be 1/((5/5)/11). Let m(t) = l*x(t) + 2*r(t). Calculate m(b).
-4
Let a(y) = 3*y**2 + 20*y + 14. Let q be a(-6). Let x(j) = 98*j**q + 1 + 3 - 99*j**2 + 7*j. Determine x(6).
10
Let a(t) = 12*t - 1